s) = -s**2 + 64*s - 509. Give j(40).
451
Let h(d) = -172*d**2 - 3334*d + 11546. Give h(3).
-4
Let q(w) = 4*w**3 - 742*w**2 + 347*w + 4260. Give q(185).
5
Let q(g) = -4*g**3 + 238*g**2 + 619*g + 22. Calculate q(62).
-40
Let j(w) = 26*w**2 + 146*w + 25. Calculate j(-3).
-179
Let r(d) = -202*d**2 + 1081*d - 2203. Give r(2).
-849
Let g(h) = -h**3 + 344*h**2 + 1461*h - 145738. Determine g(347).
2
Let r(y) = y**3 + 266*y**2 + 1804*y - 2317. Calculate r(-259).
14
Let u(s) = -270053*s - 1620301. What is u(-6)?
17
Let v(b) = -209*b + 14008. Give v(70).
-622
Let d(p) = p**2 + 1038*p - 77621. What is d(70)?
-61
Let z(m) = -3*m**3 + 401*m**2 + 940*m - 257. What is z(136)?
-1889
Let r(p) = 3*p**3 + 14*p**2 - 102*p - 18. Determine r(10).
3362
Let h(s) = -3*s**2 + 21*s + 376. What is h(-12)?
-308
Let x(l) = l**2 + 1466*l - 374735. What is x(222)?
1
Let p(l) = l**3 + 113*l**2 - 777*l + 7557. Give p(-120).
-3
Let m(j) = -j**3 - 622*j**2 - 7323*j - 1820. What is m(-610)?
10
Let i(u) = 3445*u - 351387. Calculate i(102).
3
Let p(g) = 17411*g + 522313. Calculate p(-30).
-17
Let r(k) = -1392*k - 38095. Calculate r(-27).
-511
Let z(r) = 10*r**3 + 14*r**2 + 59*r - 2. Give z(4).
1098
Let s(x) = 16*x - 746. Give s(25).
-346
Let s(v) = -81*v**2 + 25*v + 9. Determine s(2).
-265
Let n(p) = 136*p**2 + 4907*p + 439. Determine n(-36).
43
Let o(d) = 12*d**3 - 88*d**2 - 12*d + 149. Determine o(8).
565
Let n(b) = b**3 - 64*b**2 + 1602*b - 134348. Calculate n(69).
-5
Let m(b) = b**2 + 33*b - 84. Determine m(-52).
904
Let q(k) = -21*k**2 + 4265*k - 20799. Calculate q(5).
1
Let h(n) = -2*n**2 - 15*n + 3895. Give h(-48).
7
Let v(h) = h**3 + 47*h**2 + 212*h + 3857. What is v(-44)?
337
Let g(i) = -318*i**2 - 3451*i - 29. Calculate g(-11).
-546
Let r(w) = -181*w - 37929. Give r(-218).
1529
Let l(m) = 2756*m + 8318. What is l(-3)?
50
Let m(j) = 4*j**2 - 884*j + 12698. Give m(206).
338
Let l(f) = -f**3 - 577*f**2 - 1718*f + 2306. Give l(-574).
10
Let c(q) = 9*q**2 - 4302*q - 26117. Calculate c(-6).
19
Let s(p) = -125655*p + 502628. What is s(4)?
8
Let c(b) = -b**3 + 78*b**2 + 30879*b - 24. Determine c(-141).
-24
Let y(w) = -4346*w**2 - 47816*w - 110. What is y(-11)?
0
Let w(k) = 1388*k + 15843. What is w(-14)?
-3589
Let u(t) = -t**3 + 70*t**2 + 227*t + 639. Give u(73).
1223
Let v(q) = 2412*q + 21601. What is v(-9)?
-107
Let l(n) = -42597*n + 553691. What is l(13)?
-70
Let l(b) = b**3 + 45*b**2 + 235*b + 97. Calculate l(-39).
58
Let g(h) = -h**3 - 26*h**2 - 202*h - 2515. Calculate g(-22).
-7
Let o(a) = 215803*a - 5610874. Give o(26).
4
Let q(v) = -v**3 - 343*v**2 + 24*v + 8236. What is q(-343)?
4
Let g(p) = 5*p**3 + 121*p**2 + 148*p - 141. Calculate g(-23).
-371
Let g(x) = 25*x**3 - 3*x**2 + 409*x + 1254. Give g(-3).
-675
Let l(x) = 12323*x + 12601. Calculate l(-1).
278
Let p(o) = -o**3 + 26*o**2 - 8977*o + 243072. What is p(27)?
-36
Let w(a) = a**2 - 1772*a - 76173. Determine w(-42).
15
Let g(q) = -22*q**2 + 2231*q + 29985. Calculate g(-12).
45
Let s(b) = -b**2 + 10109*b - 40435. Give s(4).
-15
Let y(p) = -2*p**2 + 2400*p + 19295. Give y(-8).
-33
Let b(d) = 68894*d + 37547236. What is b(-545)?
6
Let u(z) = 75*z - 12307. Calculate u(169).
368
Let h(y) = -14*y**2 + 76*y - 670. Determine h(10).
-1310
Let q(p) = 17*p**2 + 479*p - 3149. What is q(7)?
1037
Let b(k) = 5*k**3 - 326*k**2 + 3412*k - 232. Calculate b(13).
15
Let q(o) = o**2 + 743*o - 37985. Determine q(-791).
-17
Let f(x) = 6*x**2 + 885*x + 24528. Determine f(-37).
-3
Let l(m) = 2*m**2 + 804*m - 16874. Calculate l(20).
6
Let i(s) = 267*s**2 + 8007*s - 50. Give i(-30).
40
Let n(d) = -d**3 - 42*d**2 + 651*d - 156. Determine n(12).
-120
Let h(z) = z**2 + 3423*z - 851842. Determine h(233).
6
Let d(q) = 13936*q - 28480. Give d(2).
-608
Let r(i) = -38508*i - 1078412. Determine r(-28).
-188
Let i(s) = 712*s**2 - 14239*s - 29. What is i(20)?
-9
Let z(i) = 18*i**2 + 70*i - 2895157. What is z(-403)?
-5
Let y(i) = -212*i**3 + 49*i**2 + 36*i + 68. Calculate y(-2).
1888
Let h(m) = 14649*m - 87858. Give h(6).
36
Let s(d) = 48866*d + 244326. Give s(-5).
-4
Let d(u) = -u**3 - 119*u**2 + 359*u - 858. Calculate d(-122).
-4
Let i(d) = -3*d**3 - 577*d**2 + 1570*d + 1938. What is i(-195)?
-12
Let r(z) = z**3 + 12*z**2 - 52*z - 325. What is r(-13)?
182
Let j(b) = -b**3 + 158*b**2 - 248*b + 14432. Calculate j(157).
145
Let t(g) = -6657*g - 86734. Calculate t(-13).
-193
Let k(d) = 42*d**2 - 3680*d - 36527. Determine k(-9).
-5
Let s(k) = 12*k**3 - 3*k**2 - k + 6. Calculate s(2).
88
Let x(q) = 2*q**2 - 185*q + 332. Determine x(101).
2049
Let l(y) = -y**3 - 367*y**2 + 3364*y - 7525. Calculate l(-376).
-5
Let m(x) = -7452*x**2 + 74509*x + 111. What is m(10)?
1
Let d(v) = -v**3 - 5*v**2 - 14*v - 516. Calculate d(0).
-516
Let w(a) = a**3 - 70*a**2 + 541*a - 2. Give w(61).
-490
Let z(t) = -25655*t + 2488536. Give z(97).
1
Let k(a) = 1544*a + 60319. Determine k(-39).
103
Let m(f) = 30*f**2 + 544*f - 136023. Give m(-77).
-41
Let p(i) = 1114*i + 103561. What is p(-93)?
-41
Let q(v) = 4756*v**2 - 42804*v + 1. What is q(9)?
1
Let l(t) = 3*t**2 + 34036*t + 238092. Determine l(-7).
-13
Let i(f) = -663*f**2 + 26*f - 99. Give i(2).
-2699
Let m(j) = -13*j**2 - 2400*j + 10753. Give m(-189).
-20
Let c(b) = 13725*b - 246433. Calculate c(18).
617
Let s(t) = -299*t + 47398. Calculate s(153).
1651
Let l(p) = 13*p**3 + 16*p**2 - 529*p + 513. Give l(1).
13
Let w(h) = 5*h**3 + 271*h**2 + 62*h + 547. Determine w(-54).
115
Let p(n) = 29665*n + 889935. Calculate p(-30).
-15
Let b(s) = -462*s - 4923. What is b(-10)?
-303
Let s(z) = -12588*z + 214020. Determine s(17).
24
Let x(y) = 7563*y - 11450374. Calculate x(1514).
8
Let a(c) = c**3 - 220*c**2 + 1844*c + 150. Give a(9).
-345
Let d(f) = 8*f**2 - 147*f + 806. Calculate d(10).
136
Let k(w) = -520*w**2 - 271*w + 359. Give k(1).
-432
Let r(l) = -4*l**3 + 9*l**2 - 95*l - 469. Give r(-10).
5381
Let s(h) = -4*h**2 + 3278*h + 16380. Calculate s(-5).
-110
Let n(g) = -36320*g - 871672. Give n(-24).
8
Let a(p) = -1674*p - 212. Calculate a(-1).
1462
Let j(z) = -z**3 + 11*z**2 - 48*z - 165. What is j(10)?
-545
Let y(u) = -1165*u**2 - 66405*u - 44. Give y(-57).
-44
Let d(f) = -115*f**2 - 4600*f + 93. Give d(-40).
93
Let r(u) = -u**3 - 621*u**2 - 10753*u + 60889. Determine r(-603).
-14
Let y(c) = c**3 - 13*c**2 - 83*c - 41. Determine y(19).
548
Let i(s) = 36351*s - 72629. Calculate i(2).
73
Let p(t) = -301*t - 280. What is p(-1)?
21
Let q(j) = -j**3 - 15*j**2 + 482*j + 3283. Give q(-28).
-21
Let f(c) = 16*c**3 + 303*c**2 - 43*c - 445. Give f(-19).
11
Let n(f) = 3*f**3 - 27*f**2 + 114*f - 176. Give n(3).
4
Let r(p) = -21*p**2 + 163*p - 100. Determine r(7).
12
Let n(k) = -2*k**3 - 96*k**2 - 322*k - 528. Determine n(-45).
1812
Let f(x) = -8*x**2 + 25*x + 4743. Give f(26).
-15
Let w(l) = -335*l - 5097. Give w(-14).
-407
Let a(v) = 3*v**2 + 219*v - 252. Calculate a(-77).
672
Let k(g) = 6*g**2 + 11368*g + 22743. Determine k(-2).
31
Let p(g) = -31*g**3 + 286*g**2 - 16*g - 37. Give p(9).
386
Let t(s) = -s**3 - 251*s**2 + 49530*s - 6. Calculate t(130).
-6
Let r(n) = 651*n + 3294. Give r(-8).
-1914
Let x(k) = -20*k**2 - 2651*k + 18582. Give x(7).
-955
Let a(t) = -51*t**2 + 8981*t - 310. Calculate a(176).
570
Let g(n) = 3*n**3 - 1841*n**2 - 607*n - 4273. Calculate g(614).
25
Let i(t) = 7*t**3 + 248*t**2 + 117*t - 97. Determine i(-35).
-517
Let t(q) = -3*q**3 - 20*q**2 - 90*q - 42. What is t(-5)?
283
Let a(o) = 5*o**3 + 178*o**2 + 950*o - 114. Calculate a(-29).
89
Let m(y) = -43543*y - 217388. Calculate m(-5).
327
Let l(m) = -484*m + 19136. Calculate l(39).
260
Let n(q) = -1966*q + 12889. Give n(7).
-873
Let q(k) = -682*k - 4640. What is q(-7)?
134
Let r(g) = -g**3 + 63*g**2 - 312*g + 602. Determine r(58).
-674
Let l(t) = 2*t**3 + 777*t**2 - 3557*t - 7853. Calculate l(-393).
7
Let f(k) = 116*k**2 - 8*k - 32. Calculate f(1).
76
Let o(q) = -2*q**3 - 217*q**2 - 2158*q - 142. Determine o(-11).
1
Let t(k) = -13*k**2 + 18307*k + 54929. Give t(-3).
-109
Let r(n) = -33*n**2 - 6368*n + 19117. Calculate r(3).
-284
Let a(j) = 2*j**3 - 94*j**2 - 293*j - 108. Give a(50).
242
Let b(z) = -2*z**2 + 575*z - 36303. Determine b(194).
-25
Let f(i) = i**3 + 71*i**2 - 678*i - 3628. Determine f(-79).
6
Let m(x) = 2*x**2 + 417*x - 23968. Calculate m(47).
49
Let l(p) = -p**2 - 